4951?
4951
List the prime factors of 135606.
2, 3, 97, 233
List the prime factors of 3526.
2, 41, 43
List the prime factors of 181710.
2, 3, 5, 673
What are the prime factors of 10377?
3, 1153
List the prime factors of 18154.
2, 29, 313
What are the prime factors of 11181?
3, 3727
What are the prime factors of 39496?
2, 4937
What are the prime factors of 48510?
2, 3, 5, 7, 11
What are the prime factors of 22822?
2, 11411
What are the prime factors of 18182?
2, 9091
List the prime factors of 615.
3, 5, 41
What are the prime factors of 1020?
2, 3, 5, 17
List the prime factors of 11266.
2, 43, 131
What are the prime factors of 7531?
17, 443
List the prime factors of 56088.
2, 3, 19, 41
List the prime factors of 42591.
3, 14197
List the prime factors of 1966.
2, 983
What are the prime factors of 1279?
1279
List the prime factors of 3540.
2, 3, 5, 59
What are the prime factors of 47861?
11, 19, 229
List the prime factors of 1620.
2, 3, 5
What are the prime factors of 3008?
2, 47
List the prime factors of 35592.
2, 3, 1483
What are the prime factors of 710?
2, 5, 71
List the prime factors of 30660.
2, 3, 5, 7, 73
What are the prime factors of 16711?
17, 983
What are the prime factors of 347?
347
What are the prime factors of 22815?
3, 5, 13
List the prime factors of 10061.
10061
List the prime factors of 2213.
2213
What are the prime factors of 41079?
3, 13693
List the prime factors of 3369.
3, 1123
List the prime factors of 432.
2, 3
What are the prime factors of 2124?
2, 3, 59
What are the prime factors of 3122?
2, 7, 223
What are the prime factors of 713?
23, 31
List the prime factors of 7813.
13, 601
What are the prime factors of 2562?
2, 3, 7, 61
List the prime factors of 28899.
3, 13, 19
List the prime factors of 5109.
3, 13, 131
List the prime factors of 2209.
47
What are the prime factors of 22574?
2, 11287
What are the prime factors of 1457?
31, 47
What are the prime factors of 142560?
2, 3, 5, 11
What are the prime factors of 12104?
2, 17, 89
List the prime factors of 77989.
167, 467
List the prime factors of 59572.
2, 53, 281
List the prime factors of 1684.
2, 421
What are the prime factors of 2678?
2, 13, 103
What are the prime factors of 124403?
31, 4013
List the prime factors of 3125.
5
What are the prime factors of 343?
7
What are the prime factors of 10374?
2, 3, 7, 13, 19
List the prime factors of 34010.
2, 5, 19, 179
What are the prime factors of 27498?
2, 3, 4583
List the prime factors of 1565.
5, 313
What are the prime factors of 1208?
2, 151
List the prime factors of 14642.
2, 7321
List the prime factors of 5235.
3, 5, 349
List the prime factors of 5231.
5231
List the prime factors of 729.
3
What are the prime factors of 2314?
2, 13, 89
What are the prime factors of 1222?
2, 13, 47
What are the prime factors of 124339?
124339
What are the prime factors of 132?
2, 3, 11
List the prime factors of 2659.
2659
List the prime factors of 660.
2, 3, 5, 11
What are the prime factors of 71138?
2, 35569
List the prime factors of 52809.
3, 29, 607
List the prime factors of 23341.
17, 1373
List the prime factors of 78350.
2, 5, 1567
List the prime factors of 3373.
3373
List the prime factors of 122158.
2, 103, 593
What are the prime factors of 363?
3, 11
List the prime factors of 167.
167
List the prime factors of 5424.
2, 3, 113
What are the prime factors of 98502?
2, 3, 16417
What are the prime factors of 7311?
3, 2437
What are the prime factors of 11859?
3, 59, 67
List the prime factors of 58.
2, 29
List the prime factors of 4857.
3, 1619
List the prime factors of 12766.
2, 13, 491
What are the prime factors of 69902?
2, 7, 4993
List the prime factors of 2141.
2141
What are the prime factors of 871?
13, 67
List the prime factors of 14575.
5, 11, 53
What are the prime factors of 4382?
2, 7, 313
List the prime factors of 2879.
2879
List the prime factors of 457.
457
What are the prime factors of 196?
2, 7
List the prime factors of 6405.
3, 5, 7, 61
What are the prime factors of 9035?
5, 13, 139
What are the prime factors of 745?
5, 149
List the prime factors of 47.
47
What are the prime factors of 7653?
3, 2551
What are the prime factors of 880?
2, 5, 11
List the prime factors of 64.
2
What are the prime factors of 23012?
2, 11, 523
What are the prime factors of 6206?
2, 29, 107
What are the prime factors of 63285?
3, 5, 4219
What are the prime factors of 2247?
3, 7, 107
List the prime factors of 69368.
2, 13, 23, 29
List the prime factors of 50753.
50753
List the prime factors of 730.
2, 5, 73
What are the prime factors of 3708?
2, 3, 103
List the prime factors of 1553.
1553
List the prime factors of 2566.
2, 1283
What are the prime factors of 1548?
2, 3, 43
List the prime factors of 1145.
5, 229
What are the prime factors of 10916?
2, 2729
List the prime factors of 1458.
2, 3
List the prime factors of 3505.
5, 701
List the prime factors of 73908.
2, 3, 2053
List the prime factors of 23290.
2, 5, 17, 137
List the prime factors of 19860.
2, 3, 5, 331
List the prime factors of 76654.
2, 38327
What are the prime factors of 38062?
2, 19031
List the prime factors of 10270.
2, 5, 13, 79
What are the prime factors of 51088?
2, 31, 103
What are the prime factors of 1343?
17, 79
What are the prime factors of 59461?
97, 613
What are the prime factors of 6270?
2, 3, 5, 11, 19
What are the prime factors of 15057?
3, 7, 239
What are the prime factors of 1469?
13, 113
What are the prime factors of 7448?
2, 7, 19
What are the prime factors of 139?
139
What are the prime factors of 1505?
5, 7, 43
What are the prime factors of 31494?
2, 3, 29, 181
List the prime factors of 2197.
13
List the prime factors of 12973.
12973
What are the prime factors of 16859?
23, 733
What are the prime factors of 28516?
2, 7129
List the prime factors of 4666.
2, 2333
List the prime factors of 64953.
3, 7, 1031
What are the prime factors of 8218?
2, 7, 587
List the prime factors of 3475.
5, 139
What are the prime factors of 359?
359
What are the prime factors of 19784?
2, 2473
What are the prime factors of 16735?
5, 3347
What are the prime factors of 6475?
5, 7, 37
List the prime factors of 977.
977
List the prime factors of 12090.
2, 3, 5, 13, 31
What are the prime factors of 30062?
2, 15031
List the prime factors of 24.
2, 3
What are the prime factors of 10277?
43, 239
What are the prime factors of 1082?
2, 541
What are the prime factors of 21717?
3, 19, 127
List the prime factors of 1784.
2, 223
List the prime factors of 80549.
7, 37, 311
List the prime factors of 25804.
2, 6451
List the prime factors of 1183.
7, 13
What are the prime factors of 11034?
2, 3, 613
List the prime factors of 17317.
17317
What are the prime factors of 15527?
15527
What are the prime factors of 8811?
3, 11, 89
What are the prime factors of 2172?
2, 3, 181
What are the prime factors of 110794?
2, 31, 1787
List the prime factors of 32530.
2, 5, 3253
List the prime factors of 26668.
2, 59, 113
What are the prime factors of 59650?
2, 5, 1193
What are the prime factors of 32914?
2, 7, 2351
What are the prime factors of 9074?
2, 13, 349
What are the prime factors of 5102?
2, 2551
What are the prime factors of 668?
2, 167
What are the prime factors of 71981?
7, 13, 113
List the prime factors of 68119.
17, 4007
What are the prime factors of 40412?
2, 10103
List the prime factors of 1148.
2, 7, 41
What are the prime factors of 27123?
3, 9041
What are the prime factors of 18606?
2, 3, 7, 443
List the prime factors of 1954.
2, 977
List the prime factors of 3778.
2, 1889
What are the prime factors of 21845?
5, 17, 257
List the prime factors of 1519.
7, 31
List the prime factors of 2672.
2, 167
List the prime factors of 1166.
2, 11, 53
List the prime factors of 14.
2, 7
List the prime factors of 713.
23, 31
What are the prime factors of 322?
2, 7, 23
List the prime factors of 6649.
61, 109
List the prime factors of 1750.
2, 5, 7
List the prime factors of 35720.
2, 5, 19, 47
What are the prime factors of 129855?
3, 5, 11, 787
List the prime factors of 7620.
2, 3, 5, 127
What are the prime factors of 35943?
3, 11981
What are the prime factors of 2731?
2731
List the prime factors of 8537.
8537
List the prime factors of 14203.
7, 2029
What are the prime factors of 3674?
2, 11, 167
List the prime factors of 3